[INFO] cloning repository https://github.com/boring-nick/rustlog
[INFO] running `Command { std: "git" "-c" "credential.helper=" "-c" "credential.helper=/workspace/cargo-home/bin/git-credential-null" "clone" "--bare" "https://github.com/boring-nick/rustlog" "/workspace/cache/git-repos/https%3A%2F%2Fgithub.com%2Fboring-nick%2Frustlog", kill_on_drop: false }`
[INFO] [stderr] Cloning into bare repository '/workspace/cache/git-repos/https%3A%2F%2Fgithub.com%2Fboring-nick%2Frustlog'...
[INFO] running `Command { std: "git" "rev-parse" "HEAD", kill_on_drop: false }`
[INFO] [stdout] ceb213b79e04ce9bbeb13717e18c16048abd63ff
[INFO] checking boring-nick/rustlog against master#9610dfe5a9a731ced1ea4923ecbd0c57fe367898 for beta-170-4
[INFO] running `Command { std: "git" "clone" "/workspace/cache/git-repos/https%3A%2F%2Fgithub.com%2Fboring-nick%2Frustlog" "/workspace/builds/worker-5-tc1/source", kill_on_drop: false }`
[INFO] [stderr] Cloning into '/workspace/builds/worker-5-tc1/source'...
[INFO] [stderr] done.
[INFO] validating manifest of git repo https://github.com/boring-nick/rustlog on toolchain 9610dfe5a9a731ced1ea4923ecbd0c57fe367898
[INFO] running `Command { std: CARGO_HOME="/workspace/cargo-home" RUSTUP_HOME="/workspace/rustup-home" "/workspace/cargo-home/bin/cargo" "+9610dfe5a9a731ced1ea4923ecbd0c57fe367898" "metadata" "--manifest-path" "Cargo.toml" "--no-deps", kill_on_drop: false }`
[INFO] started tweaking git repo https://github.com/boring-nick/rustlog
[INFO] finished tweaking git repo https://github.com/boring-nick/rustlog
[INFO] tweaked toml for git repo https://github.com/boring-nick/rustlog written to /workspace/builds/worker-5-tc1/source/Cargo.toml
[INFO] crate git repo https://github.com/boring-nick/rustlog already has a lockfile, it will not be regenerated
[INFO] running `Command { std: CARGO_HOME="/workspace/cargo-home" RUSTUP_HOME="/workspace/rustup-home" "/workspace/cargo-home/bin/cargo" "+9610dfe5a9a731ced1ea4923ecbd0c57fe367898" "fetch" "--manifest-path" "Cargo.toml", kill_on_drop: false }`
[INFO] [stderr]     Updating crates.io index
[INFO] [stderr]  Downloading crates ...
[INFO] [stderr]   Downloaded aliri_braid_impl v0.1.10
[INFO] [stderr]   Downloaded serde_path_to_error v0.1.8
[INFO] [stderr]   Downloaded twitch_oauth2 v0.6.1
[INFO] [stderr]   Downloaded aliri_braid v0.1.10
[INFO] [stderr]   Downloaded twitch-irc v5.0.0
[INFO] [stderr]   Downloaded axum v0.6.9
[INFO] [stderr]   Downloaded twitch_api2 v0.6.1
[INFO] running `Command { std: "docker" "create" "-v" "/var/lib/crater-agent-workspace/builds/worker-5-tc1/target:/opt/rustwide/target:rw,Z" "-v" "/var/lib/crater-agent-workspace/builds/worker-5-tc1/source:/opt/rustwide/workdir:ro,Z" "-v" "/var/lib/crater-agent-workspace/cargo-home:/opt/rustwide/cargo-home:ro,Z" "-v" "/var/lib/crater-agent-workspace/rustup-home:/opt/rustwide/rustup-home:ro,Z" "-e" "SOURCE_DIR=/opt/rustwide/workdir" "-e" "CARGO_TARGET_DIR=/opt/rustwide/target" "-e" "CARGO_HOME=/opt/rustwide/cargo-home" "-e" "RUSTUP_HOME=/opt/rustwide/rustup-home" "-w" "/opt/rustwide/workdir" "-m" "1610612736" "--user" "0:0" "--network" "none" "ghcr.io/rust-lang/crates-build-env/linux@sha256:19e73879b68f455e41552ea35293514db52ea292d993f571636dbffedb77a1ee" "/opt/rustwide/cargo-home/bin/cargo" "+9610dfe5a9a731ced1ea4923ecbd0c57fe367898" "metadata" "--no-deps" "--format-version=1", kill_on_drop: false }`
[INFO] [stdout] 37d81e0e1b9464e2ae60fdca9b92510d635bd297cf1bae57bf86ab5b21cf409e
[INFO] running `Command { std: "docker" "start" "-a" "37d81e0e1b9464e2ae60fdca9b92510d635bd297cf1bae57bf86ab5b21cf409e", kill_on_drop: false }`
[INFO] running `Command { std: "docker" "inspect" "37d81e0e1b9464e2ae60fdca9b92510d635bd297cf1bae57bf86ab5b21cf409e", kill_on_drop: false }`
[INFO] running `Command { std: "docker" "rm" "-f" "37d81e0e1b9464e2ae60fdca9b92510d635bd297cf1bae57bf86ab5b21cf409e", kill_on_drop: false }`
[INFO] [stdout] 37d81e0e1b9464e2ae60fdca9b92510d635bd297cf1bae57bf86ab5b21cf409e
[INFO] running `Command { std: "docker" "create" "-v" "/var/lib/crater-agent-workspace/builds/worker-5-tc1/target:/opt/rustwide/target:rw,Z" "-v" "/var/lib/crater-agent-workspace/builds/worker-5-tc1/source:/opt/rustwide/workdir:ro,Z" "-v" "/var/lib/crater-agent-workspace/cargo-home:/opt/rustwide/cargo-home:ro,Z" "-v" "/var/lib/crater-agent-workspace/rustup-home:/opt/rustwide/rustup-home:ro,Z" "-e" "SOURCE_DIR=/opt/rustwide/workdir" "-e" "CARGO_TARGET_DIR=/opt/rustwide/target" "-e" "CARGO_INCREMENTAL=0" "-e" "RUST_BACKTRACE=full" "-e" "RUSTFLAGS=--cap-lints=forbid" "-e" "RUSTDOCFLAGS=--cap-lints=forbid" "-e" "CARGO_HOME=/opt/rustwide/cargo-home" "-e" "RUSTUP_HOME=/opt/rustwide/rustup-home" "-w" "/opt/rustwide/workdir" "-m" "1610612736" "--user" "0:0" "--network" "none" "ghcr.io/rust-lang/crates-build-env/linux@sha256:19e73879b68f455e41552ea35293514db52ea292d993f571636dbffedb77a1ee" "/opt/rustwide/cargo-home/bin/cargo" "+9610dfe5a9a731ced1ea4923ecbd0c57fe367898" "check" "--frozen" "--all" "--all-targets" "--message-format=json", kill_on_drop: false }`
[INFO] [stdout] 82a29f11ac21dba006a476fce1ddfd5b11215d2307775ae1edbb75b638d329fc
[INFO] running `Command { std: "docker" "start" "-a" "82a29f11ac21dba006a476fce1ddfd5b11215d2307775ae1edbb75b638d329fc", kill_on_drop: false }`
[INFO] [stderr]    Compiling proc-macro2 v1.0.43
[INFO] [stderr]    Compiling quote v1.0.21
[INFO] [stderr]    Compiling unicode-ident v1.0.3
[INFO] [stderr]    Compiling syn v1.0.99
[INFO] [stderr]    Compiling autocfg v1.1.0
[INFO] [stderr]    Compiling libc v0.2.132
[INFO] [stderr]     Checking cfg-if v1.0.0
[INFO] [stderr]     Checking once_cell v1.14.0
[INFO] [stderr]    Compiling version_check v0.9.4
[INFO] [stderr]    Compiling log v0.4.17
[INFO] [stderr]    Compiling memchr v2.5.0
[INFO] [stderr]     Checking pin-project-lite v0.2.9
[INFO] [stderr]    Compiling cc v1.0.73
[INFO] [stderr]    Compiling parking_lot_core v0.9.3
[INFO] [stderr]     Checking smallvec v1.9.0
[INFO] [stderr]    Compiling futures-core v0.3.24
[INFO] [stderr]     Checking scopeguard v1.1.0
[INFO] [stderr]     Checking bytes v1.2.1
[INFO] [stderr]    Compiling futures-task v0.3.24
[INFO] [stderr]     Checking futures-sink v0.3.24
[INFO] [stderr]    Compiling futures-channel v0.3.24
[INFO] [stderr]    Compiling futures-util v0.3.24
[INFO] [stderr]     Checking tracing-core v0.1.29
[INFO] [stderr]     Checking futures-io v0.3.24
[INFO] [stderr]     Checking pin-utils v0.1.0
[INFO] [stderr]    Compiling typenum v1.15.0
[INFO] [stderr]     Checking fnv v1.0.7
[INFO] [stderr]     Checking itoa v1.0.5
[INFO] [stderr]    Compiling pkg-config v0.3.25
[INFO] [stderr]    Compiling generic-array v0.14.6
[INFO] [stderr]     Checking hashbrown v0.12.3
[INFO] [stderr]    Compiling serde_derive v1.0.144
[INFO] [stderr]    Compiling lock_api v0.4.8
[INFO] [stderr]    Compiling tokio v1.21.0
[INFO] [stderr]    Compiling slab v0.4.7
[INFO] [stderr]    Compiling indexmap v1.9.1
[INFO] [stderr]     Checking http v0.2.9
[INFO] [stderr]     Checking bitflags v1.3.2
[INFO] [stderr]    Compiling serde v1.0.144
[INFO] [stderr]     Checking tower-service v0.3.2
[INFO] [stderr]     Checking spin v0.5.2
[INFO] [stderr]     Checking untrusted v0.7.1
[INFO] [stderr]    Compiling openssl v0.10.41
[INFO] [stderr]    Compiling httparse v1.8.0
[INFO] [stderr]     Checking foreign-types-shared v0.1.1
[INFO] [stderr]    Compiling rustversion v1.0.11
[INFO] [stderr]    Compiling native-tls v0.2.10
[INFO] [stderr]     Checking matches v0.1.9
[INFO] [stderr]     Checking try-lock v0.2.3
[INFO] [stderr]     Checking foreign-types v0.3.2
[INFO] [stderr]     Checking lazy_static v1.4.0
[INFO] [stderr]     Checking want v0.3.0
[INFO] [stderr]    Compiling async-trait v0.1.57
[INFO] [stderr]     Checking openssl-probe v0.1.5
[INFO] [stderr]     Checking tinyvec_macros v0.1.0
[INFO] [stderr]     Checking percent-encoding v2.1.0
[INFO] [stderr]    Compiling rustls v0.20.6
[INFO] [stderr]     Checking signal-hook-registry v1.4.0
[INFO] [stderr]     Checking socket2 v0.4.7
[INFO] [stderr]     Checking num_cpus v1.13.1
[INFO] [stderr]     Checking mio v0.8.4
[INFO] [stderr]    Compiling ring v0.16.20
[INFO] [stderr]    Compiling openssl-sys v0.9.75
[INFO] [stderr]     Checking http-body v0.4.5
[INFO] [stderr]     Checking httpdate v1.0.2
[INFO] [stderr]     Checking form_urlencoded v1.0.1
[INFO] [stderr]     Checking parking_lot v0.12.1
[INFO] [stderr]     Checking tinyvec v1.6.0
[INFO] [stderr]    Compiling unicase v2.6.0
[INFO] [stderr]     Checking ryu v1.0.11
[INFO] [stderr]     Checking mime v0.3.16
[INFO] [stderr]     Checking getrandom v0.2.7
[INFO] [stderr]    Compiling num-traits v0.2.15
[INFO] [stderr]    Compiling proc-macro-error-attr v1.0.4
[INFO] [stderr]     Checking unicode-bidi v0.3.8
[INFO] [stderr]    Compiling encoding_rs v0.8.31
[INFO] [stderr]    Compiling serde_json v1.0.85
[INFO] [stderr]    Compiling num-integer v0.1.45
[INFO] [stderr]     Checking rand_core v0.6.3
[INFO] [stderr]    Compiling proc-macro-error v1.0.4
[INFO] [stderr]     Checking tower-layer v0.3.2
[INFO] [stderr]     Checking ppv-lite86 v0.2.16
[INFO] [stderr]     Checking regex-syntax v0.6.27
[INFO] [stderr]    Compiling cpufeatures v0.2.4
[INFO] [stderr]     Checking base64 v0.13.0
[INFO] [stderr]    Compiling protobuf v2.28.0
[INFO] [stderr]    Compiling same-file v1.0.6
[INFO] [stderr]    Compiling opaque-debug v0.3.0
[INFO] [stderr]    Compiling walkdir v2.3.2
[INFO] [stderr]     Checking rand_chacha v0.3.1
[INFO] [stderr]    Compiling dirs-sys v0.3.7
[INFO] [stderr]     Checking rustls-pemfile v1.0.1
[INFO] [stderr]     Checking unicode-normalization v0.1.21
[INFO] [stderr]    Compiling axum-core v0.3.2
[INFO] [stderr]    Compiling dirs v4.0.0
[INFO] [stderr]     Checking digest v0.9.0
[INFO] [stderr]    Compiling block-buffer v0.9.0
[INFO] [stderr]    Compiling crc32fast v1.3.2
[INFO] [stderr]    Compiling prometheus v0.13.3
[INFO] [stderr]    Compiling crossbeam-utils v0.8.11
[INFO] [stderr]    Compiling sha2 v0.9.9
[INFO] [stderr]     Checking ipnet v2.5.0
[INFO] [stderr]    Compiling mime_guess v2.0.4
[INFO] [stderr]     Checking idna v0.2.3
[INFO] [stderr]    Compiling shellexpand v2.1.2
[INFO] [stderr]    Compiling axum v0.6.9
[INFO] [stderr]     Checking rand v0.8.5
[INFO] [stderr]     Checking time v0.1.44
[INFO] [stderr]     Checking adler v1.0.2
[INFO] [stderr]     Checking os_str_bytes v6.3.0
[INFO] [stderr]     Checking iana-time-zone v0.1.47
[INFO] [stderr]    Compiling rust-embed-utils v7.2.0
[INFO] [stderr]    Compiling heck v0.4.0
[INFO] [stderr]     Checking http-range-header v0.3.0
[INFO] [stderr]    Compiling anyhow v1.0.63
[INFO] [stderr]     Checking either v1.8.0
[INFO] [stderr]     Checking miniz_oxide v0.5.3
[INFO] [stderr]     Checking url v2.2.2
[INFO] [stderr]     Checking clap_lex v0.2.4
[INFO] [stderr]     Checking atty v0.2.14
[INFO] [stderr]     Checking tracing-log v0.1.3
[INFO] [stderr]     Checking sharded-slab v0.1.4
[INFO] [stderr]     Checking thread_local v1.1.4
[INFO] [stderr]     Checking termcolor v1.1.3
[INFO] [stderr]     Checking matchit v0.7.0
[INFO] [stderr]     Checking ansi_term v0.12.1
[INFO] [stderr]     Checking sync_wrapper v0.1.1
[INFO] [stderr]     Checking textwrap v0.15.0
[INFO] [stderr]     Checking strsim v0.10.0
[INFO] [stderr]     Checking itertools v0.10.3
[INFO] [stderr]     Checking crossbeam-channel v0.5.6
[INFO] [stderr]     Checking dashmap v5.4.0
[INFO] [stderr]     Checking flate2 v1.0.24
[INFO] [stderr]     Checking yansi v0.5.1
[INFO] [stderr]     Checking diff v0.1.13
[INFO] [stderr]     Checking pretty_assertions v1.3.0
[INFO] [stderr]     Checking regex-automata v0.1.10
[INFO] [stderr]     Checking regex v1.6.0
[INFO] [stderr]     Checking matchers v0.1.0
[INFO] [stderr]     Checking webpki v0.22.0
[INFO] [stderr]     Checking sct v0.7.0
[INFO] [stderr]     Checking webpki-roots v0.22.4
[INFO] [stderr]    Compiling tokio-macros v1.8.0
[INFO] [stderr]    Compiling futures-macro v0.3.24
[INFO] [stderr]    Compiling tracing-attributes v0.1.22
[INFO] [stderr]    Compiling openssl-macros v0.1.0
[INFO] [stderr]    Compiling thiserror-impl v1.0.33
[INFO] [stderr]    Compiling pin-project-internal v1.0.12
[INFO] [stderr]    Compiling aliri_braid_impl v0.1.10
[INFO] [stderr]    Compiling displaydoc v0.2.3
[INFO] [stderr]    Compiling serde_repr v0.1.9
[INFO] [stderr]    Compiling typed-builder v0.10.0
[INFO] [stderr]    Compiling enum_dispatch v0.3.8
[INFO] [stderr]    Compiling rust-embed-impl v6.2.0
[INFO] [stderr]    Compiling clap_derive v3.2.18
[INFO] [stderr]     Checking rust-embed v6.4.0
[INFO] [stderr]     Checking pin-project v1.0.12
[INFO] [stderr]     Checking tracing v0.1.36
[INFO] [stderr]     Checking aliri_braid v0.1.10
[INFO] [stderr]     Checking thiserror v1.0.33
[INFO] [stderr]     Checking tracing-subscriber v0.3.15
[INFO] [stderr]     Checking clap v3.2.20
[INFO] [stderr]     Checking futures-executor v0.3.24
[INFO] [stderr]     Checking futures v0.3.24
[INFO] [stderr]     Checking tokio-util v0.7.3
[INFO] [stderr]     Checking tokio-native-tls v0.3.0
[INFO] [stderr]     Checking tokio-rustls v0.23.4
[INFO] [stderr]     Checking tower v0.4.13
[INFO] [stderr]     Checking tokio-stream v0.1.9
[INFO] [stderr]     Checking tower-http v0.4.0
[INFO] [stderr]     Checking h2 v0.3.14
[INFO] [stderr]     Checking serde_urlencoded v0.7.1
[INFO] [stderr]     Checking serde_path_to_error v0.1.8
[INFO] [stderr]     Checking chrono v0.4.22
[INFO] [stderr]     Checking twitch-irc v5.0.0
[INFO] [stderr]     Checking hyper v0.14.24
[INFO] [stderr]     Checking hyper-tls v0.5.0
[INFO] [stderr]     Checking hyper-rustls v0.23.0
[INFO] [stderr]     Checking reqwest v0.11.11
[INFO] [stderr]     Checking twitch_oauth2 v0.6.1
[INFO] [stderr]     Checking twitch_api2 v0.6.1
[INFO] [stderr]     Checking rustlog v0.1.0 (/opt/rustwide/workdir)
[INFO] [stdout] error: proc-macro derive panicked
[INFO] [stdout]   --> src/web/frontend.rs:11:10
[INFO] [stdout]    |
[INFO] [stdout] 11 | #[derive(RustEmbed)]
[INFO] [stdout]    |          ^^^^^^^^^
[INFO] [stdout]    |
[INFO] [stdout]    = help: message: #[derive(RustEmbed)] folder '/opt/rustwide/workdir/web/dist' does not exist. cwd: '/opt/rustwide/workdir'
[INFO] [stdout] 
[INFO] [stdout] 
[INFO] [stdout] error: proc-macro derive panicked
[INFO] [stdout]   --> src/web/frontend.rs:11:10
[INFO] [stdout]    |
[INFO] [stdout] 11 | #[derive(RustEmbed)]
[INFO] [stdout]    |          ^^^^^^^^^
[INFO] [stdout]    |
[INFO] [stdout]    = help: message: #[derive(RustEmbed)] folder '/opt/rustwide/workdir/web/dist' does not exist. cwd: '/opt/rustwide/workdir'
[INFO] [stdout] 
[INFO] [stdout] 
[INFO] [stdout] error[E0599]: no function or associated item named `get` found for struct `Assets` in the current scope
[INFO] [stdout]   --> src/web/frontend.rs:22:19
[INFO] [stdout]    |
[INFO] [stdout] 13 | struct Assets;
[INFO] [stdout]    | ------------- function or associated item `get` not found for this struct
[INFO] [stdout] ...
[INFO] [stdout] 22 |     match Assets::get(path) {
[INFO] [stdout]    |                   ^^^ function or associated item not found in `Assets`
[INFO] [stdout]    |
[INFO] [stdout]    = help: items from traits can only be used if the trait is implemented and in scope
[INFO] [stdout]    = note: the following traits define an item `get`, perhaps you need to implement one of them:
[INFO] [stdout]            candidate #1: `SliceIndex`
[INFO] [stdout]            candidate #2: `rustls::client::client_conn::StoresClientSessions`
[INFO] [stdout]            candidate #3: `rustls::server::server_conn::StoresServerSessions`
[INFO] [stdout]            candidate #4: `Atomic`
[INFO] [stdout]            candidate #5: `protobuf::reflect::repeated::ReflectRepeated`
[INFO] [stdout]            candidate #6: `protobuf::reflect::repeated::ReflectRepeatedEnum`
[INFO] [stdout]            candidate #7: `protobuf::reflect::repeated::ReflectRepeatedMessage`
[INFO] [stdout]            candidate #8: `RustEmbed`
[INFO] [stdout] 
[INFO] [stdout] 
[INFO] [stdout] error[E0599]: no function or associated item named `get` found for struct `Assets` in the current scope
[INFO] [stdout]   --> src/web/frontend.rs:22:19
[INFO] [stdout]    |
[INFO] [stdout] 13 | struct Assets;
[INFO] [stdout]    | ------------- function or associated item `get` not found for this struct
[INFO] [stdout] ...
[INFO] [stdout] 22 |     match Assets::get(path) {
[INFO] [stdout]    |                   ^^^ function or associated item not found in `Assets`
[INFO] [stdout]    |
[INFO] [stdout]    = help: items from traits can only be used if the trait is implemented and in scope
[INFO] [stdout]    = note: the following traits define an item `get`, perhaps you need to implement one of them:
[INFO] [stdout]            candidate #1: `SliceIndex`
[INFO] [stdout]            candidate #2: `rustls::client::client_conn::StoresClientSessions`
[INFO] [stdout]            candidate #3: `rustls::server::server_conn::StoresServerSessions`
[INFO] [stdout]            candidate #4: `Atomic`
[INFO] [stdout]            candidate #5: `protobuf::reflect::repeated::ReflectRepeated`
[INFO] [stdout]            candidate #6: `protobuf::reflect::repeated::ReflectRepeatedEnum`
[INFO] [stdout]            candidate #7: `protobuf::reflect::repeated::ReflectRepeatedMessage`
[INFO] [stdout]            candidate #8: `RustEmbed`
[INFO] [stdout] 
[INFO] [stdout] 
[INFO] [stdout] error[E0599]: no function or associated item named `get` found for struct `Assets` in the current scope
[INFO] [stdout]   --> src/web/frontend.rs:43:19
[INFO] [stdout]    |
[INFO] [stdout] 13 | struct Assets;
[INFO] [stdout]    | ------------- function or associated item `get` not found for this struct
[INFO] [stdout] ...
[INFO] [stdout] 43 |     match Assets::get(INDEX_HTML) {
[INFO] [stdout]    |                   ^^^ function or associated item not found in `Assets`
[INFO] [stdout]    |
[INFO] [stdout]    = help: items from traits can only be used if the trait is implemented and in scope
[INFO] [stdout]    = note: the following traits define an item `get`, perhaps you need to implement one of them:
[INFO] [stdout]            candidate #1: `SliceIndex`
[INFO] [stdout]            candidate #2: `rustls::client::client_conn::StoresClientSessions`
[INFO] [stdout]            candidate #3: `rustls::server::server_conn::StoresServerSessions`
[INFO] [stdout]            candidate #4: `Atomic`
[INFO] [stdout]            candidate #5: `protobuf::reflect::repeated::ReflectRepeated`
[INFO] [stdout]            candidate #6: `protobuf::reflect::repeated::ReflectRepeatedEnum`
[INFO] [stdout]            candidate #7: `protobuf::reflect::repeated::ReflectRepeatedMessage`
[INFO] [stdout]            candidate #8: `RustEmbed`
[INFO] [stdout] 
[INFO] [stdout] 
[INFO] [stdout] error[E0599]: no function or associated item named `get` found for struct `Assets` in the current scope
[INFO] [stdout]   --> src/web/frontend.rs:43:19
[INFO] [stdout]    |
[INFO] [stdout] 13 | struct Assets;
[INFO] [stdout]    | ------------- function or associated item `get` not found for this struct
[INFO] [stdout] ...
[INFO] [stdout] 43 |     match Assets::get(INDEX_HTML) {
[INFO] [stdout]    |                   ^^^ function or associated item not found in `Assets`
[INFO] [stdout]    |
[INFO] [stdout]    = help: items from traits can only be used if the trait is implemented and in scope
[INFO] [stdout]    = note: the following traits define an item `get`, perhaps you need to implement one of them:
[INFO] [stdout]            candidate #1: `SliceIndex`
[INFO] [stdout]            candidate #2: `rustls::client::client_conn::StoresClientSessions`
[INFO] [stdout]            candidate #3: `rustls::server::server_conn::StoresServerSessions`
[INFO] [stdout]            candidate #4: `Atomic`
[INFO] [stdout]            candidate #5: `protobuf::reflect::repeated::ReflectRepeated`
[INFO] [stdout]            candidate #6: `protobuf::reflect::repeated::ReflectRepeatedEnum`
[INFO] [stdout]            candidate #7: `protobuf::reflect::repeated::ReflectRepeatedMessage`
[INFO] [stdout]            candidate #8: `RustEmbed`
[INFO] [stdout] 
[INFO] [stdout] 
[INFO] [stdout] error: aborting due to 3 previous errors
[INFO] [stdout] 
[INFO] [stdout] 
[INFO] [stdout] For more information about this error, try `rustc --explain E0599`.
[INFO] [stdout] 
[INFO] [stderr] error: could not compile `rustlog` (bin "rustlog") due to 4 previous errors
[INFO] [stderr] warning: build failed, waiting for other jobs to finish...
[INFO] [stdout] error: aborting due to 3 previous errors
[INFO] [stdout] 
[INFO] [stdout] 
[INFO] [stdout] For more information about this error, try `rustc --explain E0599`.
[INFO] [stdout] 
[INFO] [stderr] error: could not compile `rustlog` (bin "rustlog" test) due to 4 previous errors
[INFO] running `Command { std: "docker" "inspect" "82a29f11ac21dba006a476fce1ddfd5b11215d2307775ae1edbb75b638d329fc", kill_on_drop: false }`
[INFO] running `Command { std: "docker" "rm" "-f" "82a29f11ac21dba006a476fce1ddfd5b11215d2307775ae1edbb75b638d329fc", kill_on_drop: false }`
[INFO] [stdout] 82a29f11ac21dba006a476fce1ddfd5b11215d2307775ae1edbb75b638d329fc
